{"id":63,"date":"2021-12-27T11:44:03","date_gmt":"2021-12-27T11:44:03","guid":{"rendered":"https:\/\/musicoterapia.estudioprodusom.com\/?page_id=63"},"modified":"2022-02-07T10:27:39","modified_gmt":"2022-02-07T10:27:39","slug":"sessoes-musicoterapia","status":"publish","type":"page","link":"https:\/\/musicoterapia.estudioprodusom.com\/index.php\/sessoes-musicoterapia\/","title":{"rendered":"Musicoterapia"},"content":{"rendered":"\n<div class=\"wp-block-image is-style-rounded\"><figure class=\"aligncenter size-full is-resized\"><img loading=\"lazy\" decoding=\"async\" src=\"https:\/\/musicoterapia.estudioprodusom.com\/wp-content\/uploads\/2021\/12\/simbolo-musicoterapia-terapias-e-praticas-meditativas1-3.jpg\" alt=\"\" class=\"wp-image-203\" width=\"272\" height=\"272\" srcset=\"https:\/\/musicoterapia.estudioprodusom.com\/wp-content\/uploads\/2021\/12\/simbolo-musicoterapia-terapias-e-praticas-meditativas1-3.jpg 1000w, https:\/\/musicoterapia.estudioprodusom.com\/wp-content\/uploads\/2021\/12\/simbolo-musicoterapia-terapias-e-praticas-meditativas1-3-300x300.jpg 300w, https:\/\/musicoterapia.estudioprodusom.com\/wp-content\/uploads\/2021\/12\/simbolo-musicoterapia-terapias-e-praticas-meditativas1-3-150x150.jpg 150w, https:\/\/musicoterapia.estudioprodusom.com\/wp-content\/uploads\/2021\/12\/simbolo-musicoterapia-terapias-e-praticas-meditativas1-3-768x768.jpg 768w, https:\/\/musicoterapia.estudioprodusom.com\/wp-content\/uploads\/2021\/12\/simbolo-musicoterapia-terapias-e-praticas-meditativas1-3-70x70.jpg 70w, https:\/\/musicoterapia.estudioprodusom.com\/wp-content\/uploads\/2021\/12\/simbolo-musicoterapia-terapias-e-praticas-meditativas1-3-127x127.jpg 127w, https:\/\/musicoterapia.estudioprodusom.com\/wp-content\/uploads\/2021\/12\/simbolo-musicoterapia-terapias-e-praticas-meditativas1-3-476x476.jpg 476w, https:\/\/musicoterapia.estudioprodusom.com\/wp-content\/uploads\/2021\/12\/simbolo-musicoterapia-terapias-e-praticas-meditativas1-3-125x125.jpg 125w\" sizes=\"auto, (max-width: 272px) 100vw, 272px\" \/><\/figure><\/div>\n\n\n\n<p>\u201cMusicoterapia \u00e9 a utiliza\u00e7\u00e3o da m\u00fasica e\/ou seus elementos (som, ritmo, melodia e harmonia) por um musicoterapeuta qualificado, com um cliente ou grupo, num processo para facilitar e promover a comunica\u00e7\u00e3o, rela\u00e7\u00e3o, aprendizagem, mobiliza\u00e7\u00e3o, express\u00e3o, organiza\u00e7\u00e3o e outros objetivos terap\u00eauticos relevantes, no sentido de alcan\u00e7ar necessidades f\u00edsicas, emocionais, mentais, sociais e cognitivas. A Musicoterapia objetiva desenvolver potenciais e\/ou restabelecer fun\u00e7\u00f5es do indiv\u00edduo para que ele\/ela possa alcan\u00e7ar uma melhor integra\u00e7\u00e3o intra e\/ou interpessoal e consequentemente, uma melhor qualidade de vida, pela preven\u00e7\u00e3o, reabilita\u00e7\u00e3o ou tratamento\u201d <\/p>\n\n\n\n<p>A Musicoterapia, sendo uma terapia autoexpressiva com forte atua\u00e7\u00e3o nas fun\u00e7\u00f5es cognitivas e emocionais, contribui diretamente para o envelhecimento ativo.<\/p>\n\n\n\n<h3 class=\"wp-block-heading\" id=\"quando-procurar-um-musicoterapeuta\">Quando procurar um musicoterapeuta?<\/h3>\n\n\n\n<p><\/p>\n\n\n\n<ul class=\"wp-block-list\"><li>Dist\u00farbios socioafetivos, em isolamento social com comprometimento afetivo \u2013 possibilidade de depress\u00e3o e baixa estima ao enfrentar doen\u00e7as;<\/li><li>Acometidos por processos dem\u00eancias \u2013 leve, moderado e severo;<\/li><li>Dificuldades na comunica\u00e7\u00e3o verbal (quadros af\u00e1sicos \u2013 express\u00e3o e compreens\u00e3o), fuga de ideias e falha sequencial do pensamento;<\/li><li>Dificuldade com rela\u00e7\u00e3o a mem\u00f3ria \u2013 imediata, recente e a remota;<\/li><li>Desorienta\u00e7\u00e3o tempero-espacial;<\/li><li>Dificuldades de expressar seus sentimentos e emo\u00e7\u00f5es;<\/li><li>Sequelas motoras e sensoriais \u2013 deambula\u00e7\u00e3o arrastada, lentificada; hipertonia, linguagem lentificada;<\/li><li>Irregularidade r\u00edtmica \u2013 acelera\u00e7\u00e3o de andamento (quadros apr\u00e1xicos \u2013 dificuldade de execu\u00e7\u00e3o de sequ\u00eancias motoras complexas);<\/li><li>Tens\u00e3o com contra\u00e7\u00e3o muscular;<\/li><li>Irritabilidade \u2013 altera\u00e7\u00e3o de humor (passividade\/agressividade);<\/li><li>Em geral \u2013 atrofia cerebral, defici\u00eancia sensorial, doen\u00e7a de Parkinson, Mal de Alzheimer e outras dem\u00eancias, depress\u00e3o, amputados, sequelas de AVE, c\u00e2ncer, diabetes, doen\u00e7a card\u00edaca hipertensiva e tantas outras.<\/li><\/ul>\n\n\n\n<figure class=\"wp-block-image size-large\"><img decoding=\"async\" src=\"https:\/\/musicoterapia.estudioprodusom.com\/wp-content\/uploads\/2022\/01\/Meditacao.mp4\" alt=\"\"\/><figcaption>Musicoterapia<\/figcaption><\/figure>\n\n\n\n<figure class=\"wp-block-image size-large\"><img loading=\"lazy\" decoding=\"async\" width=\"1024\" height=\"1024\" src=\"https:\/\/musicoterapia.estudioprodusom.com\/wp-content\/uploads\/2021\/12\/Musicoterapia--1024x1024.jpg\" alt=\"\" class=\"wp-image-175\" srcset=\"https:\/\/musicoterapia.estudioprodusom.com\/wp-content\/uploads\/2021\/12\/Musicoterapia--1024x1024.jpg 1024w, https:\/\/musicoterapia.estudioprodusom.com\/wp-content\/uploads\/2021\/12\/Musicoterapia--300x300.jpg 300w, https:\/\/musicoterapia.estudioprodusom.com\/wp-content\/uploads\/2021\/12\/Musicoterapia--150x150.jpg 150w, https:\/\/musicoterapia.estudioprodusom.com\/wp-content\/uploads\/2021\/12\/Musicoterapia--768x768.jpg 768w, https:\/\/musicoterapia.estudioprodusom.com\/wp-content\/uploads\/2021\/12\/Musicoterapia--70x70.jpg 70w, https:\/\/musicoterapia.estudioprodusom.com\/wp-content\/uploads\/2021\/12\/Musicoterapia--127x127.jpg 127w, https:\/\/musicoterapia.estudioprodusom.com\/wp-content\/uploads\/2021\/12\/Musicoterapia--476x476.jpg 476w, https:\/\/musicoterapia.estudioprodusom.com\/wp-content\/uploads\/2021\/12\/Musicoterapia--125x125.jpg 125w, https:\/\/musicoterapia.estudioprodusom.com\/wp-content\/uploads\/2021\/12\/Musicoterapia-.jpg 1080w\" sizes=\"auto, (max-width: 1024px) 100vw, 1024px\" \/><\/figure>\n","protected":false},"excerpt":{"rendered":"<p>\u201cMusicoterapia \u00e9 a utiliza\u00e7\u00e3o da m\u00fasica e\/ou seus elementos (som, ritmo, melodia e harmonia) por um musicoterapeuta qualificado, com um cliente ou grupo, num processo para facilitar e promover a comunica\u00e7\u00e3o, rela\u00e7\u00e3o, aprendizagem, mobiliza\u00e7\u00e3o, express\u00e3o, organiza\u00e7\u00e3o e outros objetivos terap\u00eauticos relevantes, no sentido de alcan\u00e7ar necessidades f\u00edsicas, emocionais, mentais, sociais e cognitivas. A Musicoterapia objetiva [&hellip;]<\/p>\n","protected":false},"author":1,"featured_media":0,"parent":0,"menu_order":0,"comment_status":"closed","ping_status":"closed","template":"page-templates\/left-sidebar.php","meta":{"footnotes":""},"class_list":["post-63","page","type-page","status-publish","hentry"],"_links":{"self":[{"href":"https:\/\/musicoterapia.estudioprodusom.com\/index.php\/wp-json\/wp\/v2\/pages\/63","targetHints":{"allow":["GET"]}}],"collection":[{"href":"https:\/\/musicoterapia.estudioprodusom.com\/index.php\/wp-json\/wp\/v2\/pages"}],"about":[{"href":"https:\/\/musicoterapia.estudioprodusom.com\/index.php\/wp-json\/wp\/v2\/types\/page"}],"author":[{"embeddable":true,"href":"https:\/\/musicoterapia.estudioprodusom.com\/index.php\/wp-json\/wp\/v2\/users\/1"}],"replies":[{"embeddable":true,"href":"https:\/\/musicoterapia.estudioprodusom.com\/index.php\/wp-json\/wp\/v2\/comments?post=63"}],"version-history":[{"count":8,"href":"https:\/\/musicoterapia.estudioprodusom.com\/index.php\/wp-json\/wp\/v2\/pages\/63\/revisions"}],"predecessor-version":[{"id":317,"href":"https:\/\/musicoterapia.estudioprodusom.com\/index.php\/wp-json\/wp\/v2\/pages\/63\/revisions\/317"}],"wp:attachment":[{"href":"https:\/\/musicoterapia.estudioprodusom.com\/index.php\/wp-json\/wp\/v2\/media?parent=63"}],"curies":[{"name":"wp","href":"https:\/\/api.w.org\/{rel}","templated":true}]}}