{"id":76,"date":"2021-12-27T11:47:09","date_gmt":"2021-12-27T11:47:09","guid":{"rendered":"https:\/\/musicoterapia.estudioprodusom.com\/?page_id=76"},"modified":"2022-02-07T10:58:54","modified_gmt":"2022-02-07T10:58:54","slug":"clinicas","status":"publish","type":"page","link":"https:\/\/musicoterapia.estudioprodusom.com\/index.php\/clinicas\/","title":{"rendered":"Cl\u00ednicas"},"content":{"rendered":"\n<figure class=\"wp-block-image size-large\"><img loading=\"lazy\" decoding=\"async\" width=\"1024\" height=\"1024\" src=\"https:\/\/musicoterapia.estudioprodusom.com\/wp-content\/uploads\/2022\/01\/Layout-Bege-e-Minimalista-Mantra-de-Yoga-Post-em-Video-Para-Instagram-1-1024x1024.jpg\" alt=\"\" class=\"wp-image-228\" srcset=\"https:\/\/musicoterapia.estudioprodusom.com\/wp-content\/uploads\/2022\/01\/Layout-Bege-e-Minimalista-Mantra-de-Yoga-Post-em-Video-Para-Instagram-1-1024x1024.jpg 1024w, https:\/\/musicoterapia.estudioprodusom.com\/wp-content\/uploads\/2022\/01\/Layout-Bege-e-Minimalista-Mantra-de-Yoga-Post-em-Video-Para-Instagram-1-300x300.jpg 300w, https:\/\/musicoterapia.estudioprodusom.com\/wp-content\/uploads\/2022\/01\/Layout-Bege-e-Minimalista-Mantra-de-Yoga-Post-em-Video-Para-Instagram-1-150x150.jpg 150w, https:\/\/musicoterapia.estudioprodusom.com\/wp-content\/uploads\/2022\/01\/Layout-Bege-e-Minimalista-Mantra-de-Yoga-Post-em-Video-Para-Instagram-1-768x768.jpg 768w, https:\/\/musicoterapia.estudioprodusom.com\/wp-content\/uploads\/2022\/01\/Layout-Bege-e-Minimalista-Mantra-de-Yoga-Post-em-Video-Para-Instagram-1-1536x1536.jpg 1536w, https:\/\/musicoterapia.estudioprodusom.com\/wp-content\/uploads\/2022\/01\/Layout-Bege-e-Minimalista-Mantra-de-Yoga-Post-em-Video-Para-Instagram-1-2048x2048.jpg 2048w, https:\/\/musicoterapia.estudioprodusom.com\/wp-content\/uploads\/2022\/01\/Layout-Bege-e-Minimalista-Mantra-de-Yoga-Post-em-Video-Para-Instagram-1-70x70.jpg 70w, https:\/\/musicoterapia.estudioprodusom.com\/wp-content\/uploads\/2022\/01\/Layout-Bege-e-Minimalista-Mantra-de-Yoga-Post-em-Video-Para-Instagram-1-127x127.jpg 127w, https:\/\/musicoterapia.estudioprodusom.com\/wp-content\/uploads\/2022\/01\/Layout-Bege-e-Minimalista-Mantra-de-Yoga-Post-em-Video-Para-Instagram-1-476x476.jpg 476w, https:\/\/musicoterapia.estudioprodusom.com\/wp-content\/uploads\/2022\/01\/Layout-Bege-e-Minimalista-Mantra-de-Yoga-Post-em-Video-Para-Instagram-1-125x125.jpg 125w\" sizes=\"auto, (max-width: 1024px) 100vw, 1024px\" \/><\/figure>\n\n\n\n<p>A Musicoterapia aliada \u00e1 vertente cl\u00ednica de cuidado, centra a sua interven\u00e7\u00e3o sob um ponto de vista hol\u00edstico, desta perspetiva o  Ser humano \u00e9 visto como um todo. <\/p>\n\n\n\n<p>Partindo do conhecimento de que toda e qualquer disfun\u00e7\u00e3o f\u00edsica, ps\u00edquica ou comportamental tem uma origem emocional e energ\u00e9tica. Operar sobre estas dimens\u00e3o em estados precoces sob um ponto de vista preventivo ou por outro lado em estados avan\u00e7ados traduz se em metodologias de tratamento complementares favor\u00e1veis ao conhecimento da origem das causas do problema.<\/p>\n\n\n\n<p>A terapia pelo Som, associada \u00e1 pr\u00e1tica de cuidados cl\u00ednicos, tem como objectivo a implementa\u00e7\u00e3o de medidas que previnam as doen\u00e7as prematuramente e ofere\u00e7am ferramentas para as que estejam diagnosticadas.<\/p>\n\n\n\n<p>Atrav\u00e9s da preven\u00e7\u00e3o de doen\u00e7as em larga escala, uma vez que, al\u00e9m de ser uma pr\u00e1tica terap\u00eautica usada na reabilita\u00e7\u00e3o, tornou-se uma ferramenta essencial para o tratamento e a manuten\u00e7\u00e3o do estado de sa\u00fade de alguns pacientes.<\/p>\n","protected":false},"excerpt":{"rendered":"<p>A Musicoterapia aliada \u00e1 vertente cl\u00ednica de cuidado, centra a sua interven\u00e7\u00e3o sob um ponto de vista hol\u00edstico, desta perspetiva o Ser humano \u00e9 visto como um todo. Partindo do conhecimento de que toda e qualquer disfun\u00e7\u00e3o f\u00edsica, ps\u00edquica ou comportamental tem uma origem emocional e energ\u00e9tica. Operar sobre estas dimens\u00e3o em estados precoces sob [&hellip;]<\/p>\n","protected":false},"author":1,"featured_media":0,"parent":0,"menu_order":0,"comment_status":"closed","ping_status":"closed","template":"","meta":{"footnotes":""},"class_list":["post-76","page","type-page","status-publish","hentry"],"_links":{"self":[{"href":"https:\/\/musicoterapia.estudioprodusom.com\/index.php\/wp-json\/wp\/v2\/pages\/76","targetHints":{"allow":["GET"]}}],"collection":[{"href":"https:\/\/musicoterapia.estudioprodusom.com\/index.php\/wp-json\/wp\/v2\/pages"}],"about":[{"href":"https:\/\/musicoterapia.estudioprodusom.com\/index.php\/wp-json\/wp\/v2\/types\/page"}],"author":[{"embeddable":true,"href":"https:\/\/musicoterapia.estudioprodusom.com\/index.php\/wp-json\/wp\/v2\/users\/1"}],"replies":[{"embeddable":true,"href":"https:\/\/musicoterapia.estudioprodusom.com\/index.php\/wp-json\/wp\/v2\/comments?post=76"}],"version-history":[{"count":11,"href":"https:\/\/musicoterapia.estudioprodusom.com\/index.php\/wp-json\/wp\/v2\/pages\/76\/revisions"}],"predecessor-version":[{"id":330,"href":"https:\/\/musicoterapia.estudioprodusom.com\/index.php\/wp-json\/wp\/v2\/pages\/76\/revisions\/330"}],"wp:attachment":[{"href":"https:\/\/musicoterapia.estudioprodusom.com\/index.php\/wp-json\/wp\/v2\/media?parent=76"}],"curies":[{"name":"wp","href":"https:\/\/api.w.org\/{rel}","templated":true}]}}